2. What is the units digit of g?
4
Suppose 2*p = -3*j + 235, 0 = 2*j + p + 2*p - 160. What is the units digit of j?
7
Let y = 3 + 5. Suppose 9 - 2 = 3*x - 4*z, -6 = -3*z. What is the units digit of (y/(-5) - -2)*x?
2
Let n = 99 + -68. What is the tens digit of n?
3
Suppose 0*b = -b - 9. Let d = 21 + b. What is the units digit of d?
2
Let o be 7 + -2 + 1 + -2. Suppose 3 = 4*l - 13. Suppose o + 10 = 2*t + 4*w, 4 = l*w. What is the units digit of t?
5
Let w be (-237)/(-27) + 8/36. Suppose 3*o + 18 = 3*r, -2*o - w = -r - 0*r. Suppose 4*y + r*z - 31 = 0, 0 = -y - 2*z + z + 8. What is the units digit of y?
7
Let j(l) = -l**2 + 13*l - 10. Let s be j(12). Suppose -s*q = -4*g - 52, 109 = 3*q + g + 24. What is the units digit of q?
8
Let g(a) = -5 - 13 + 27 - a**3 - a**2. What is the units digit of g(0)?
9
Suppose f - 36 = -7. Let c = f - 17. What is the units digit of c?
2
Suppose 2*n + 7 = -p, -11 = 4*n - 0*p + 3*p. Let t(l) = -2*l - 7. What is the units digit of t(n)?
3
Let n = -141 + 142. What is the units digit of n?
1
Suppose -r = -5*r + 84. What is the units digit of r?
1
Suppose f = 4*f - 12. Suppose 9 = -0*w + 3*w. Let g = f - w. What is the units digit of g?
1
Suppose -3 = 3*b + 3. What is the units digit of (-2)/4 + (-3)/b?
1
Suppose 2*j + 455 = 5*u, 5*u - 5*j = -j + 455. What is the tens digit of u?
9
Let v(b) = b**3 - b**2 + 199. What is the hundreds digit of v(0)?
1
Suppose -84 = -5*p - b + 4*b, -2*b - 36 = -2*p. Suppose 0 = a - 3*s + p, a + 5*s - 25 = 2*a. What is the tens digit of (a - 0 - 11)/(-1)?
1
Suppose -7*v - 935 = -12*v. What is the hundreds digit of v?
1
Let k = 12 - 22. Let i(r) = -r - 8. Let z be i(k). Suppose 14 = 2*b + z*x, 2*b - 5*b = -x - 29. What is the units digit of b?
9
Suppose 5*h + 196 = 7*h. What is the units digit of h?
8
Let x = -46 - -73. Let m = x + -18. What is the units digit of m?
9
Let f(s) = 21*s + 1. Let l be f(-2). Let n = l + 57. Let v = 23 - n. What is the units digit of v?
7
Let x(d) = d**3 + 5*d**2 + 3*d - 4. Suppose n + 3*k = 2, 4*n + 5*k = 3*n + 6. Let p be x(n). Suppose 1 = -p*a + a. What is the units digit of a?
1
Let z be (0/(-1))/1 - -1988. Let a be z/77 + 2/11. Suppose 4*k + 5*g = 60, 0 = 3*k - 3*g - 19 - a. What is the tens digit of k?
1
Suppose 0 = v + 3, j + 3*v = 6*v + 71. What is the units digit of j?
2
Let m = -1 + -3. What is the units digit of 4/(-8)*-14 + m?
3
Suppose 4*j = 3*p - 9, 9 = 5*j + p + 2*p. Suppose 0 = -4*m - j*m + 60. What is the units digit of m?
5
Suppose -5*q + 4*h = -47, 5*q + h - 26 = 6. What is the units digit of q?
7
Let j be 0/(2/(-4)*-4). Suppose 5*n - 2*n - 27 = j. What is the units digit of n?
9
Let u(l) = 3*l**2 + 6. What is the tens digit of u(6)?
1
Let f = -1 - -6. Suppose -f*r = -3*y - 164, r - 2*y = y + 40. Suppose -44 = -5*d + 2*t + r, 5*t - 110 = -5*d. What is the units digit of d?
7
Suppose -3*s - i + 0*i = -8, 0 = -s - 4*i - 1. Let f be s/6*-2 - -2. What is the units digit of 0 - (2 - f) - -11?
0
Let s(g) = 3*g**2 + g - 2. Let j = -6 + 4. Let f be (j - 24/(-10))*-5. What is the units digit of s(f)?
8
What is the hundreds digit of 125 + (5 - 5) + 4?
1
Let b be (-2)/(-11) - (-890)/(-55). Let t = b - -42. What is the tens digit of t?
2
Let v(x) = x - 6. Let g be v(0). Let o(r) = r**3 + r**2 + 1. Let n be o(-1). Let z = n - g. What is the units digit of z?
7
Suppose x + 7*x - 2680 = 0. What is the units digit of x?
5
Suppose -3*r = 13 + 17. Let f = -9 - r. What is the units digit of f?
1
Let l(o) = o + 81. What is the units digit of l(0)?
1
Suppose 4*r + 4*h - 3 = 13, -3*h - 15 = 0. Let d = 26 - r. What is the tens digit of d?
1
Let j = 72 + -29. What is the tens digit of j?
4
Let d = 0 - -2. Suppose -d*g = g - 51. What is the units digit of g?
7
Let t(r) = -r**3 + 3*r**2 + 5*r. Let h be t(4). Suppose 8*w - h*w = -4*j, 18 = 5*w - j. Suppose 0 = -0*n - w*n + 33. What is the units digit of n?
1
Let x(o) = -o**3 - 7*o**2 + 2*o - 12. What is the units digit of x(-8)?
6
Let q(m) = -m + 1. Let v be q(0). Let g be 2 + (v/(-1) - -21). Let x = g - 16. What is the units digit of x?
6
Let j(g) = g**3 + 13*g**2 + 11*g + 8. What is the tens digit of j(-12)?
2
Suppose 0 = 4*r - q - q + 2, -5*q = -4*r - 5. Suppose 6*u - u - 235 = r. What is the tens digit of u?
4
What is the tens digit of 888/40 - 1/5?
2
Let n(s) = 17*s**2 - s. Let p be n(3). Suppose 5*b - p = 5*r, -b - 3*r + 96 = 2*b. What is the tens digit of b?
3
What is the tens digit of 146/3 - 8/(-24)?
4
Suppose -3*z + 4 = 34. Let m = -20 - z. What is the units digit of (-26)/(-10) + (-4)/m?
3
Suppose -5*a - 2*n + 34 = 0, 12 + 2 = 3*a - 2*n. Suppose 2*t = -2*t + 48. Let d = t - a. What is the units digit of d?
6
Let x = 9 + -5. Suppose 205 = x*a - 79. Suppose 6 = -5*w + a. What is the units digit of w?
3
Suppose 10*r - 5*r = -5. Let b(p) = 24*p**2 - 2*p - 1. Let t be b(r). Suppose -t = -10*d + 5*d. What is the units digit of d?
5
Let l(r) = r**2. Let t be l(-2). Let o(c) = c**3 - 5*c**2 + 5*c - 2. Let u be o(t). Suppose 33 = 5*b - k, 7*b + 4*k = u*b + 18. What is the units digit of b?
6
Suppose 31 = -3*b - 2*k, 4*k - 34 + 8 = 2*b. Let f = b + 7. What is the units digit of 30/12 + 2/f?
2
Suppose -2*p + 6*p - 4 = 0. What is the units digit of p?
1
Suppose -5*l + 143 = -17. What is the units digit of l?
2
Suppose 36 = -5*z + 9*z. Let n = z + 1. What is the units digit of n?
0
What is the tens digit of 65/2*(-24)/(-10)?
7
Let p be 7/14 - 15/(-2). Suppose -3*t - 4*b + 12 + 30 = 0, 2*t = 4*b + p. What is the tens digit of t?
1
Suppose 4*b + 0*b - 1148 = -4*k, 0 = 2*b - 2. What is the hundreds digit of k?
2
Suppose 2*r - 6*r + 8 = 0. Suppose t - r*o + 5 = 2*t, -t - 4*o = -3. What is the units digit of t?
7
Let q(u) = -3*u**2 - 2*u + 2*u + 3 + 4*u**2 - 6*u. Let x be q(7). Let c = x - -2. What is the tens digit of c?
1
Let h(w) = 3*w. Let q be ((-12)/6)/(2*1). Let d be h(q). What is the units digit of (-3 - -15)*(-2)/d?
8
Suppose f + 94 = -5*h - 2*f, 3*f - 76 = 5*h. Let n be (-62)/(-2 - 0/(-1)). Let j = n + h. What is the units digit of j?
4
Let u be (-4)/3*(-3)/(-1). Let r be u/(-1*(5 - 3)). Suppose 0 = -r*p + 4, 5*p = -2*x + 11 + 23. What is the tens digit of x?
1
Let z = -4 - -9. Suppose -z*v + 2*b = -18, 2*v = -0*v - 2*b - 4. What is the units digit of v?
2
Suppose 3*v = -2*l + 184, -l - 4*l + v + 460 = 0. What is the units digit of l?
2
What is the units digit of 1/(-1) + 23 + 1?
3
Let h = 20 - 0. Suppose 0*r - h = -2*r. What is the tens digit of r?
1
Let n(m) = -4 - 2*m + 3 - 1. What is the tens digit of n(-7)?
1
Let f(t) = -t**2 - 9*t + 8. What is the units digit of f(-7)?
2
What is the tens digit of (-426)/(-10) - 12/(-30)?
4
Suppose 5*d = 6*d - 94. What is the units digit of d?
4
Suppose 0 = h + h - 122. What is the units digit of h?
1
Suppose 7 + 15 = a. What is the units digit of a?
2
Suppose 0 = 3*o - 0*o + 4*d - 83, -23 = -o + d. Let y = 58 - o. What is the tens digit of y?
3
Let w = -5 + 11. What is the units digit of ((-6)/9 + 1)*w?
2
Let m = 47 + -26. Let u = m + -15. What is the units digit of u?
6
Suppose 25 + 16 = 5*h - 3*z, -3*h - 5*z + 11 = 0. Let l = -11 + h. Let m(y) = 2*y**2 + 4*y. What is the units digit of m(l)?
6
Suppose -3*r - r = -12. Suppose 2*a + 4*o = 4, -2*o - 1 = 3*a - r. Suppose -4*h + 27 = m, 2*h - 3*h + 2*m = a. What is the units digit of h?
6
Let i(h) = h + 2. Let n be i(-2). Let g = n + 16. What is the units digit of g?
6
Suppose 11 + 1 = 4*o. What is the units digit of o - (-4)/((-2)/(-2))?
7
Let c be (-3 - -8)/((-1)/(-7)). Suppose 5*q + c = 3*y, -5*y - 3*q + 5*q + 33 = 0. Suppose 2*z + 18 = y*z. What is the units digit of z?
6
What is the units digit of 10/4*44/110?
1
Let d = -16 + 22. Suppose -2*j = -5*h + 119, 2*h - d*j - 54 = -2*j. What is the units digit of h?
3
Suppose -2*q + q + 35 = 0. Let c(t) = -5*t**2. Let h be c(-1). What is the units digit of (-1*1)/(h/q)?
7
Let j(b) = 5*b + 2. Let a(i) = -3*i - 1. Let t(u) = -5*a(u) - 2*j(u). What is the tens digit of t(4)?
2
Suppose 9*f = 13*f - 392. What is the tens digit of f?
9
Let g be -2 + (12 - 0/2). Let q be (-9)/3*g/(-6). Suppose 18 = x + q*l, -5*x - l + 38 = -2*l. What is the units digit of x?
8
Suppose 4*u + 32 = 4*w, 4*w - 3*u - 27 = -0*w. Let l be (-4)/(-3)*-2*w. Let h(p) = -p**3 - 8*p**2 - p - 5. What is the units digit 